 highest common divisor of v and 44?
4
Let z(y) = -7*y - 13. Let d be z(-7). Calculate the greatest common divisor of 54 and d.
18
Let q(p) = 2*p**3 - 2*p**2 + 1. Let a be q(1). Calculate the highest common divisor of a and 17.
1
Let l(h) = -6*h + 4. Let v be l(-4). Calculate the highest common divisor of 4 and v.
4
Suppose g - 4*u + 2 + 4 = 0, 0 = 5*u - 15. What is the greatest common divisor of 54 and g?
6
Let o be 125/45 - (-4)/18. Suppose 0 = o*r - 2*v, 3*r + 4*v + 2 = 8*r. Let j = r - -10. What is the greatest common divisor of 72 and j?
8
Let n be (16/(-5))/((-2)/5). Suppose -n*r + 525 = -3*r. Calculate the highest common divisor of 15 and r.
15
Let m be -3 - (-132 + (-1)/(-1)). Let n be 16*(-1 + 2)*1. What is the greatest common factor of m and n?
16
Suppose 0*k - 3*k + 54 = 4*n, -k = -5*n + 77. What is the greatest common factor of 10 and n?
5
Suppose 5*m + 0*x - 30 = -x, -3*x = 4*m - 35. Suppose -m*c + 0*k = k - 184, 4*c = -5*k + 164. Calculate the greatest common divisor of 12 and c.
12
Let i(z) = z**2 + 10*z - 6. Let h be i(-13). What is the highest common divisor of h and 3?
3
Let k(q) = q**3 + 7*q**2 + 3*q - 1. Let p be k(-5). Calculate the greatest common divisor of p and 2.
2
Let j be 12/(-6)*9/(-2). What is the greatest common divisor of j and 3?
3
Let y(x) = -x**2 - 12*x - 2. Let n be y(-12). Let m be 11 + (-4 - n - -3). Calculate the greatest common divisor of 24 and m.
12
Let f(y) = 2*y**2 - 7*y - 5. Let b be f(6). What is the greatest common factor of b and 50?
25
Let g(a) = -a**3 - 1. Let r be g(-2). Suppose -3*s + 5*j + 32 = 0, -s = -j - 1 - 7. Suppose 0 = -s*h + 62 + 78. What is the greatest common divisor of r and h?
7
Let s = -29 + 19. Let g = -9 - s. Suppose -5*b + 2*u + 55 = 0, -3*b - 2*u + u + 22 = 0. Calculate the greatest common factor of g and b.
1
Let o = 71 - 60. What is the greatest common divisor of o and 121?
11
Let o be ((-171)/(-12))/((-3)/(-8)). Calculate the greatest common factor of 19 and o.
19
Suppose -2*a + 63 = 3*u + a, -u + 2*a = -6. What is the greatest common divisor of u and 16?
16
Let n(r) = 5*r + 0 - 4 + r**3 + 3*r**2 + 5*r**2 - 1. Let b be n(-7). What is the highest common factor of b and 45?
9
Suppose 24 = d - 8. Calculate the highest common factor of 4 and d.
4
Let p(x) = -16*x**3 + x**2 - x - 1. Let v be p(-1). Let q be ((-1)/(-2))/((-2)/(-68)). What is the highest common factor of q and v?
17
Let d(m) = 4*m**3 + m**2 - 2*m + 1. Let u be d(1). Calculate the highest common divisor of u and 4.
4
Suppose 4*p - 3 = 9. Suppose 7*g - 5*d = 4*g + 275, 0 = g + p*d - 115. Calculate the greatest common divisor of g and 20.
20
Let h = 255 - 150. Let s(q) = q**2 + 2*q. Let p(v) = -v**3 + 2*v**2 + 4. Let o be p(3). Let r be s(o). Calculate the greatest common factor of h and r.
15
Let r be (-3)/(((-10)/36)/5). Suppose -3*k = 0, 0 = -z - 4*k + k + 6. What is the highest common factor of r and z?
6
Let d(v) = 49*v**2 + 3*v + 4. Let b be d(-1). Calculate the greatest common divisor of 20 and b.
10
Suppose -193 = -3*i + 4*b + 301, 2*i - 2*b = 328. What is the highest common divisor of 18 and i?
18
Let t(b) = -2*b - 15. Let g be t(-15). Calculate the highest common divisor of 105 and g.
15
Suppose -4*o = -o - 15. Suppose -8 = -3*v - o. Let z(c) = 4*c**2 - 1. Let j be z(v). What is the greatest common factor of 30 and j?
3
Let m be (33/55)/((-2)/(-40)). What is the highest common factor of m and 120?
12
Let p be (6 - (-2 + 5)) + -219. Let m be (4/(-3))/(16/p). Calculate the highest common factor of 54 and m.
18
Suppose 2*h - 86 = 5*g + 44, -3*g - 12 = 0. What is the greatest common factor of h and 495?
55
Let y(v) = 6*v + 1. Let o be y(1). Let g = o + -6. Calculate the greatest common factor of g and 3.
1
Suppose -13 = 2*t - 3*t - 5*u, 5*t - 13 = u. Let k be 1 + (4 - 0/t). What is the highest common factor of k and 10?
5
Suppose 5*p = -q + 4 + 4, 112 = 4*q + 4*p. Let f = q - -20. Suppose -y + 17 = -f. What is the highest common divisor of 28 and y?
14
Let h be 84/9 - (-2)/3. Let t = h + 10. Suppose -73*a + 70*a = -30. Calculate the highest common factor of t and a.
10
Let l = -85 + 193. Suppose -3*a - 2*m = -12, a + 2*m = 2*a + 4. Suppose 4*o - a = 46. What is the greatest common factor of l and o?
12
Let x(q) = 11*q**3 - q**2 + q. Let y be x(1). What is the greatest common divisor of 33 and y?
11
Let m(s) = -s**3 - 10*s**2 - 7*s + 4. Let u be m(-7). Let w be (-20)/50 - u/10. Calculate the highest common factor of w and 99.
9
Suppose 0 = 5*m - 1 - 9. Suppose -7*c = -m*c - 30. What is the highest common factor of 24 and c?
6
Suppose 3*t = t + 8. Suppose 4*j = a - 50, -t*a - 4*j + 100 = -2*a. Suppose 0*z - z + 10 = 0. What is the highest common factor of z and a?
10
Suppose -2*g = -6*g - 8. Let c be ((-2)/(-3)*-24)/g. Calculate the highest common factor of 56 and c.
8
Let q be (-4)/(-22) + (-540)/(-55). Suppose d = -d + q. Suppose 197 = 4*y + d. Calculate the greatest common divisor of 6 and y.
6
Let f = 15 - -21. Let y be 575/20 - (-2)/8. Suppose -y = -2*c - 5. What is the highest common divisor of f and c?
12
Suppose h - 2*w - 152 = 0, 5*h = 4*w - 2*w + 768. Calculate the greatest common divisor of 28 and h.
14
Let o(w) = 2*w - 9. Let h be o(11). What is the greatest common factor of h and 13?
13
Let g(i) = -i**2 - 6*i - 7. Let r be g(-4). Let v = 1 + r. Calculate the greatest common factor of v and 1.
1
Suppose -5*u = -20, 2*j = 2*u + 3*u + 64. What is the greatest common factor of j and 28?
14
Suppose 4*z - 39 = 29. Let j be (-2)/2 - 2/(-1). Let i = j + z. What is the greatest common divisor of i and 18?
18
Suppose 3*b = b + 84. Let s = -1 + -20. Let y be ((-36)/s)/(4/b). Calculate the highest common divisor of 9 and y.
9
Let f(m) = 100*m - 22. Let s be f(4). What is the greatest common factor of s and 54?
54
Suppose 5 + 0 = f. Suppose f*h = 74 + 26. What is the highest common factor of 50 and h?
10
Let d(j) = -j**2. Let n be d(-3). Let i = 21 + n. What is the greatest common factor of i and 8?
4
Let b be (-1)/(3/(-1575)) + 3. Suppose -2*m - 2*m + b = 0. What is the greatest common divisor of m and 12?
12
Let b(y) = -41*y**3 + y. Let x be b(-1). Suppose 2*o - x = -2*o. Let u be (-15)/(-25) - (-34)/10. What is the greatest common divisor of u and o?
2
Let m be (-10)/4 + (-8)/16. Let g = 6 - m. What is the greatest common divisor of g and 99?
9
Let b = -16 - -24. Let w(m) = 2*m + 7. Let h be w(b). Calculate the highest common divisor of 23 and h.
23
Suppose 1 = -5*a + 41. Let r be 10/a*-1*-52. What is the highest common divisor of 26 and r?
13
Let f = 365 - 248. Suppose 2*v - 3*t - 17 = 0, 6*v - 5*v - 1 = 4*t. Calculate the highest common factor of f and v.
13
Let q be ((-4)/(-16))/((-3)/(-48)). Calculate the highest common factor of q and 4.
4
Let s be 26 + (-3 - 0) - 3. What is the highest common divisor of s and 20?
20
Let t = -30 + 56. What is the highest common divisor of 13 and t?
13
Let m = 29 + -7. Let z = 169 - 102. Let k be 3/(-6) + z/2. What is the greatest common factor of k and m?
11
Let g = -39 - -58. Calculate the highest common factor of 171 and g.
19
Suppose 3*y + 0*u = 2*u + 72, -3*u = -2*y + 43. What is the highest common divisor of 52 and y?
26
Let u = -50 + 104. Suppose -k = -4*k + u. Calculate the highest common factor of k and 12.
6
Let h be (8/10)/((-1)/(-10)). What is the highest common divisor of 136 and h?
8
Let l = 146 - 113. Let h be -1 - (0 - (23 + 0)). What is the highest common divisor of l and h?
11
Let o = -89 + 101. Calculate the highest common divisor of o and 30.
6
Suppose 45 = -m - 0*m. Let s = m - -100. What is the greatest common divisor of s and 11?
11
Let z = 0 + 13. Let h = z - 7. What is the highest common divisor of h and 3?
3
Let x = 294 + -63. What is the highest common divisor of 21 and x?
21
Let j be 1/((-174)/44 - -4). What is the highest common factor of j and 33?
11
Suppose -5*r - 73 = -388. Let y(c) = -4*c**2 - 2*c**2 + 2 + 5*c**2 + 8*c. Let t be y(7). Calculate the greatest common divisor of r and t.
9
Suppose -4*x - 3 = n, -2*n + 53 = 2*n + 3*x. What is the highest common factor of n and 153?
17
Suppose -131 = l - 5*l + o, -3*l + 92 = -2*o. What is the greatest common factor of l and 51?
17
Let b(j) = -j**2 - 16*j - 30. Let t be b(-12). Calculate th